{"id":2293,"date":"2023-03-26T17:08:09","date_gmt":"2023-03-26T15:08:09","guid":{"rendered":"https:\/\/dfg-berlin.de\/activites\/exkursionen\/"},"modified":"2025-01-23T00:06:43","modified_gmt":"2025-01-22T23:06:43","slug":"exkursionen","status":"publish","type":"page","link":"https:\/\/dfg-berlin.de\/fr\/activites\/exkursionen\/","title":{"rendered":"Excursions"},"content":{"rendered":"\n<p>La meilleure fa\u00e7on de s&#8217;immerger dans l&#8217;offre culturelle franco-allemande de Berlin et de ses environs est de se joindre \u00e0 l&#8217;une de nos excursions.<\/p>\n\n<p>Nous organisons des visites guid\u00e9es professionnelles d&#8217;expositions en petits groupes afin de proposer aux personnes int\u00e9ress\u00e9es une visite exclusive. Chacun a ainsi l&#8217;occasion de d\u00e9couvrir et de comprendre personnellement l&#8217;histoire et le contexte de l&#8217;exposition. <\/p>\n\n<p>En outre, la DFG-Berlin offre la possibilit\u00e9 d&#8217;assister ensemble \u00e0 des concerts et des repr\u00e9sentations th\u00e9\u00e2trales dans un contexte franco-allemand. Si l&#8217;occasion se pr\u00e9sente, nous recherchons \u00e9galement des lieux int\u00e9ressants et des manifestations passionnantes dans les environs de Berlin et les proposons dans le cadre d&#8217;une excursion. <\/p>\n\n<p>Nous nous r\u00e9jouissons de vous accueillir parmi nous lors d&#8217;une de nos excursions!<\/p>\n","protected":false},"excerpt":{"rendered":"<p>La meilleure fa\u00e7on de s&#8217;immerger dans l&#8217;offre culturelle franco-allemande de Berlin et de ses environs est de se joindre \u00e0 l&#8217;une de nos excursions. Nous organisons des visites guid\u00e9es professionnelles d&#8217;expositions en petits groupes afin de proposer aux personnes int\u00e9ress\u00e9es une visite exclusive. Chacun a ainsi l&#8217;occasion de d\u00e9couvrir et de comprendre personnellement l&#8217;histoire et [&hellip;]<\/p>\n","protected":false},"author":1,"featured_media":2167,"parent":2289,"menu_order":0,"comment_status":"closed","ping_status":"closed","template":"","meta":{"_acf_changed":false,"footnotes":""},"class_list":["post-2293","page","type-page","status-publish","has-post-thumbnail","hentry"],"acf":[],"_links":{"self":[{"href":"https:\/\/dfg-berlin.de\/fr\/wp-json\/wp\/v2\/pages\/2293","targetHints":{"allow":["GET"]}}],"collection":[{"href":"https:\/\/dfg-berlin.de\/fr\/wp-json\/wp\/v2\/pages"}],"about":[{"href":"https:\/\/dfg-berlin.de\/fr\/wp-json\/wp\/v2\/types\/page"}],"author":[{"embeddable":true,"href":"https:\/\/dfg-berlin.de\/fr\/wp-json\/wp\/v2\/users\/1"}],"replies":[{"embeddable":true,"href":"https:\/\/dfg-berlin.de\/fr\/wp-json\/wp\/v2\/comments?post=2293"}],"version-history":[{"count":0,"href":"https:\/\/dfg-berlin.de\/fr\/wp-json\/wp\/v2\/pages\/2293\/revisions"}],"up":[{"embeddable":true,"href":"https:\/\/dfg-berlin.de\/fr\/wp-json\/wp\/v2\/pages\/2289"}],"wp:featuredmedia":[{"embeddable":true,"href":"https:\/\/dfg-berlin.de\/fr\/wp-json\/wp\/v2\/media\/2167"}],"wp:attachment":[{"href":"https:\/\/dfg-berlin.de\/fr\/wp-json\/wp\/v2\/media?parent=2293"}],"curies":[{"name":"wp","href":"https:\/\/api.w.org\/{rel}","templated":true}]}}

<p>La meilleure façon de s&#8217;immerger dans l&#8217;offre culturelle franco-allemande de Berlin et de ses environs est de se joindre à l&#8217;une de nos excursions.</p>

<p>Nous organisons des visites guidées professionnelles d&#8217;expositions en petits groupes afin de proposer aux personnes intéressées une visite exclusive. Chacun a ainsi l&#8217;occasion de découvrir et de comprendre personnellement l&#8217;histoire et le contexte de l&#8217;exposition. </p>

<p>En outre, la DFG-Berlin offre la possibilité d&#8217;assister ensemble à des concerts et des représentations théâtrales dans un contexte franco-allemand. Si l&#8217;occasion se présente, nous recherchons également des lieux intéressants et des manifestations passionnantes dans les environs de Berlin et les proposons dans le cadre d&#8217;une excursion. </p>

<p>Nous nous réjouissons de vous accueillir parmi nous lors d&#8217;une de nos excursions!</p>

<p>La meilleure façon de s&#8217;immerger dans l&#8217;offre culturelle franco-allemande de Berlin et de ses environs est de se joindre à l&#8217;une de nos excursions. Nous organisons des visites guidées professionnelles d&#8217;expositions en petits groupes afin de proposer aux personnes intéressées une visite exclusive. Chacun a ainsi l&#8217;occasion de découvrir et de comprendre personnellement l&#8217;histoire et [&hellip;]</p>
