{"id":2231,"date":"2023-03-22T23:41:20","date_gmt":"2023-03-22T22:41:20","guid":{"rendered":"http:\/\/staging.dfg-berlin.de\/association\/histoire\/"},"modified":"2025-01-20T22:10:51","modified_gmt":"2025-01-20T21:10:51","slug":"histoire","status":"publish","type":"page","link":"https:\/\/dfg-berlin.de\/fr\/association\/histoire\/","title":{"rendered":"Histoire"},"content":{"rendered":"\n<h2 class=\"wp-block-heading\">Le LFA de Berlin &#8211; une jeune association \u00e0 l&#8217;histoire longue et mouvement\u00e9e<\/h2>\n\n<p>En 1928, la premi\u00e8re association franco-allemande a \u00e9t\u00e9 fond\u00e9e \u00e0 Berlin. Cela s&#8217;est produit dans le sillage du rapprochement entre la France et l&#8217;Allemagne apr\u00e8s la Premi\u00e8re Guerre mondiale, men\u00e9 par les ministres des Affaires \u00e9trang\u00e8res Aristide Briand et Gustav Stresemann. Parmi les membres fondateurs figuraient Albert Einstein, Thomas Mann, Konrad Adenauer, George Duhamel et Andr\u00e9 Gide. Il y eut bient\u00f4t des groupes locaux dans de nombreuses villes allemandes, en Autriche et en France.<\/p>\n\n<p>Mais en 1934, sur ordre de Ribbentrop et de son conseiller Otto Abetz, le LFA fut dissous &#8220;car il ne correspondait plus \u00e0 l&#8217;esprit de l&#8217;\u00e9poque&#8221; et fut recr\u00e9\u00e9 l&#8217;ann\u00e9e suivante comme instrument de la politique \u00e9trang\u00e8re nationale-socialiste.<\/p>\n\n<p>En 1949, l&#8217;Association franco-allemande de Berlin-Ouest a \u00e9t\u00e9 relanc\u00e9e. Elle a entretenu des contacts \u00e9troits et vari\u00e9s avec la puissance occupante et protectrice fran\u00e7aise jusqu&#8217;en 1994. Depuis, ses activit\u00e9s et ses \u00e9v\u00e9nements donnent un nouvel \u00e9lan au cadre europ\u00e9en \u00e9largi.<\/p>\n","protected":false},"excerpt":{"rendered":"<p>Le LFA de Berlin &#8211; une jeune association \u00e0 l&#8217;histoire longue et mouvement\u00e9e En 1928, la premi\u00e8re association franco-allemande a \u00e9t\u00e9 fond\u00e9e \u00e0 Berlin. Cela s&#8217;est produit dans le sillage du rapprochement entre la France et l&#8217;Allemagne apr\u00e8s la Premi\u00e8re Guerre mondiale, men\u00e9 par les ministres des Affaires \u00e9trang\u00e8res Aristide Briand et Gustav Stresemann. Parmi [&hellip;]<\/p>\n","protected":false},"author":1,"featured_media":0,"parent":2220,"menu_order":3,"comment_status":"closed","ping_status":"closed","template":"","meta":{"_acf_changed":false,"footnotes":""},"class_list":["post-2231","page","type-page","status-publish","hentry"],"acf":[],"_links":{"self":[{"href":"https:\/\/dfg-berlin.de\/fr\/wp-json\/wp\/v2\/pages\/2231","targetHints":{"allow":["GET"]}}],"collection":[{"href":"https:\/\/dfg-berlin.de\/fr\/wp-json\/wp\/v2\/pages"}],"about":[{"href":"https:\/\/dfg-berlin.de\/fr\/wp-json\/wp\/v2\/types\/page"}],"author":[{"embeddable":true,"href":"https:\/\/dfg-berlin.de\/fr\/wp-json\/wp\/v2\/users\/1"}],"replies":[{"embeddable":true,"href":"https:\/\/dfg-berlin.de\/fr\/wp-json\/wp\/v2\/comments?post=2231"}],"version-history":[{"count":0,"href":"https:\/\/dfg-berlin.de\/fr\/wp-json\/wp\/v2\/pages\/2231\/revisions"}],"up":[{"embeddable":true,"href":"https:\/\/dfg-berlin.de\/fr\/wp-json\/wp\/v2\/pages\/2220"}],"wp:attachment":[{"href":"https:\/\/dfg-berlin.de\/fr\/wp-json\/wp\/v2\/media?parent=2231"}],"curies":[{"name":"wp","href":"https:\/\/api.w.org\/{rel}","templated":true}]}}

<h2 class="wp-block-heading">Le LFA de Berlin &#8211; une jeune association à l&#8217;histoire longue et mouvementée</h2>

<p>En 1928, la première association franco-allemande a été fondée à Berlin. Cela s&#8217;est produit dans le sillage du rapprochement entre la France et l&#8217;Allemagne après la Première Guerre mondiale, mené par les ministres des Affaires étrangères Aristide Briand et Gustav Stresemann. Parmi les membres fondateurs figuraient Albert Einstein, Thomas Mann, Konrad Adenauer, George Duhamel et André Gide. Il y eut bientôt des groupes locaux dans de nombreuses villes allemandes, en Autriche et en France.</p>

<p>Mais en 1934, sur ordre de Ribbentrop et de son conseiller Otto Abetz, le LFA fut dissous &#8220;car il ne correspondait plus à l&#8217;esprit de l&#8217;époque&#8221; et fut recréé l&#8217;année suivante comme instrument de la politique étrangère nationale-socialiste.</p>

<p>En 1949, l&#8217;Association franco-allemande de Berlin-Ouest a été relancée. Elle a entretenu des contacts étroits et variés avec la puissance occupante et protectrice française jusqu&#8217;en 1994. Depuis, ses activités et ses événements donnent un nouvel élan au cadre européen élargi.</p>

<p>Le LFA de Berlin &#8211; une jeune association à l&#8217;histoire longue et mouvementée En 1928, la première association franco-allemande a été fondée à Berlin. Cela s&#8217;est produit dans le sillage du rapprochement entre la France et l&#8217;Allemagne après la Première Guerre mondiale, mené par les ministres des Affaires étrangères Aristide Briand et Gustav Stresemann. Parmi [&hellip;]</p>
